 to base 3.
1101020211
What is -6827876 (base 11) in base 16?
-b674b0
12122201102 (base 3) to base 16
1b2e4
-22101222101 (base 3) to base 12
-7b90a
What is -a8b045 (base 13) in base 4?
-33020023022
Convert 232244 (base 7) to base 9.
63088
-1313304 (base 5) to base 15
-7ad9
-736aa8 (base 14) to base 4
-32313303130
Convert 2121001121122 (base 3) to base 5.
323111423
Convert 1021020 (base 6) to base 9.
74773
Convert 7074438 (base 9) to base 5.
1431104124
What is 1007461 (base 10) in base 8?
3657545
-4d0713 (base 14) to base 7
-31354023
Convert -367207 (base 8) to base 5.
-13022344
Convert 3011642 (base 7) to base 11.
223530
What is -2022202212 (base 3) in base 5?
-2431021
What is -18c68b (base 14) in base 8?
-3265423
Convert 210022222020 (base 3) to base 2.
1100110100000101011
Convert 96307 (base 12) to base 11.
125373
2220101012 (base 3) to base 16
df31
Convert -2802869 (base 10) to base 6.
-140024125
-202ad2 (base 14) to base 8
-4103620
10204175 (base 10) to base 4
212323100033
What is 2343304333 (base 5) in base 3?
101020202112002
-11220220210 (base 3) to base 10
-96897
-24dd35 (base 14) to base 11
-796395
-215aa3 (base 13) to base 10
-783955
52641031 (base 8) to base 5
10333123302
What is 22200202002122 (base 3) in base 12?
1669a75
23de0 (base 15) to base 7
654564
What is -22201010121 (base 3) in base 13?
-60037
11565262 (base 8) to base 11
1492211
Convert -65153 (base 8) to base 16.
-6a6b
253455321 (base 6) to base 11
2872817
Convert 3455545 (base 6) to base 15.
37ecb
Convert a7092a (base 12) to base 5.
1133303202
Convert -ab467 (base 14) to base 10.
-415219
100023120303 (base 4) to base 12
1506303
178b2a (base 15) to base 12
471741
Convert 21022121010 (base 3) to base 9.
238533
Convert -16650 (base 11) to base 5.
-1222113
Convert 638667 (base 10) to base 8.
2337313
Convert -2854c (base 13) to base 7.
-433300
Convert -2c2d8 (base 14) to base 6.
-2210502
4307392 (base 10) to base 12
1538854
Convert 4632236 (base 7) to base 6.
20230352
-3723853 (base 9) to base 11
-1162461
-10010101010101010 (base 2) to base 3
-10212212210
-1797004 (base 10) to base 11
-1018130
What is -2320325 (base 7) in base 11?
-189441
-1011e (base 16) to base 6
-1224422
1878157 (base 9) to base 4
10001233231
-1212221011011 (base 3) to base 14
-1c14a3
Convert 1111100111111100 (base 2) to base 6.
1212140
What is -2048448 (base 9) in base 13?
-2c472b
Convert 300020110 (base 4) to base 8.
601024
What is 3517293 (base 12) in base 6?
1003213503
Convert 2101111222 (base 3) to base 8.
133671
-12423324311 (base 5) to base 8
-72735202
1660190 (base 11) to base 12
b43465
-2b35085 (base 12) to base 11
-4a57661
-1322130211 (base 4) to base 3
-221110222121
Convert 10ae9c (base 15) to base 6.
25023050
Convert -4203002 (base 6) to base 15.
-4016b
Convert -200212121200 (base 3) to base 15.
-75126
Convert -832654 (base 12) to base 15.
-2a984d
-1145105 (base 6) to base 2
-1110110101000001
What is -9936339 (base 10) in base 5?
-10020430324
-12351a (base 15) to base 9
-1568017
What is 4121435 (base 6) in base 16?
302ff
What is 1313332112 (base 4) in base 13?
1428a1
Convert -302001312 (base 5) to base 3.
-2021010122212
What is 200012122011222 (base 3) in base 15?
cb2355
11100001000010001 (base 2) to base 15
24212
Convert 4022041 (base 5) to base 16.
fa15
Convert -101202211021222 (base 3) to base 14.
-a901a3
Convert 353944 (base 11) to base 16.
89150
-321233232 (base 4) to base 10
-236526
What is -77657 (base 12) in base 7?
-1226110
What is 2233300221 (base 4) in base 11?
451977
Convert 130021203231 (base 4) to base 16.
7098ed
What is -175020 (base 8) in base 5?
-4022031
What is -342024 (base 6) in base 15?
-88aa
20220100101011 (base 3) to base 14
6b698d
What is -11064701 (base 8) in base 5?
-1102330434
10002222203 (base 4) to base 15
15ddcb
-105198 (base 16) to base 2
-100000101000110011000
-257776 (base 8) to base 15
-1ba75
-147756 (base 11) to base 9
-380247
What is 28e96 (base 15) in base 5?
13202131
1055045552 (base 6) to base 8
54545014
Convert -31021021 (base 6) to base 3.
-1200011212111
Convert -316710 (base 8) to base 9.
-171267
What is 6220665 (base 7) in base 12?
2bab23
Convert -13600 (base 11) to base 10.
-19360
Convert 34420401 (base 5) to base 15.
62101
Convert 1aa6ba (base 15) to base 16.
13d9a4
Convert -101201521 (base 6) to base 11.
-a8aa69
What is -2acb8 (base 15) in base 9?
-230112
-431821 (base 13) to base 5
-400340211
-12101100221 (base 3) to base 13
-3930a
What is 65588 (base 13) in base 4?
230300030
Convert 1010000010101100010101 (base 2) to base 10.
2632469
What is 35a7cb (base 14) in base 8?
6777057
12014431 (base 5) to base 10
110616
What is -5346254 (base 7) in base 13?
-19a0ba
What is -3411433 (base 6) in base 15?
-362b9
-332322210 (base 4) to base 15
-51550
-230195a (base 11) to base 7
-46146441
What is 3212511 (base 6) in base 5?
20014220
-1031575 (base 8) to base 12
-1133b9
What is -2641178 (base 9) in base 3?
-2201101012122
Convert -686eca (base 15) to base 12.
-18048b4
1011001010101000 (base 2) to base 11
313a9
Convert 162406 (base 7) to base 9.
48027
-211101221220222 (base 3) to base 2
-101101011011000101100111
354ed (base 15) to base 4
221132101
What is 86f88 (base 16) in base 5?
120142330
What is 165001 (base 8) in base 6?
1141201
d99c6a (base 14) to base 16
705ff6
3a793 (base 12) to base 8
235337
What is -1212002021 (base 3) in base 10?
-36511
-2001364 (base 10) to base 14
-3a1508
18344 (base 13) to base 2
1011011001101100
Convert 1cb9b2 (base 16) to base 7.
22000321
What is -37545102 (base 8) in base 15?
-ae2044
What is 4f477 (base 16) in base 15?
66337
Convert 1031b41 (base 12) to base 9.
5660844
-15155331 (base 6) to base 7
-4331224
Convert 1023266 (base 8) to base 11.
176442
42224 (base 8) to base 2
100010010010100
What is 554b4 (base 13) in base 3?
21212002102
Convert 200120103012 (base 4) to base 6.
501532530
-254656 (base 7) to base 4
-23203132
What is 10277879 (base 10) in base 8?
47151767
Convert -511205 (base 7) to base 14.
-2393c
Convert -3903948 (base 10) to base 15.
-521ad3
-65811 (base 10) to base 13
-23c55
57c7 (base 16) to base 4
11133013
What is -322010213 (base 4) in base 3?
-110002021202
What is 11b9a36 (base 12) in base 10?
3479946
260544 (base 8) to base 10
90468
-5363356 (base 8) to base 14
-29514a
-8285122 (base 9) to base 8
-20704204
-2235620 (base 12) to base 16
-63d038
What is -1a0b829 (base 12) in base 13?
-11a4ba8
What is 322230211 (base 4) in base 5?
30143141
Convert -101412501 (base 6) to base 2.
-110101101100000110101
Convert 100210112222222 (base 3) to base 10.
5207246
-12321575 (base 8) to base 12
-ab7225
What is -9030c (base 14) in base 16?
-548e8
Convert -1010101201101202 (base 3) to base 14.
-2207157
What is -12012212320 (base 4) in base 13?
-440305
317440 (base 13) to base 11
721485
What is -28954 (base 11) in base 6?
-514102
-16313 (base 14) to base 4
-31202331
What is -dbd277 (base 14) in base 13?
-170b271
104757 (base 11) to base 6
3330244
What is -10c6d3 (base 14) in base 4?
-2023223101
11426675 (base 9) to base 5
2411144111
What is -8cc1c (base 16) in base 11?
-364188
What is -30000320130 (base 4) in base 14?
-5bda0c
What is 11110000010100110 (base 2) in base 5?
12414141
Convert -212332 (base 6) to base 4.
-10100000
Convert 675445 (base 9) to base 10.
404231
Convert 51420332 (base 6) to base 3.
2210012101202
Convert 102476 (base 13) to base 7.
3125360
What is -174508 (base 9) in base 8?
-323421
What is -120132120 (base 4) in base 2?
-11000011110011000
441430442 (base 5) to base 4
13101013202
What is -10011010011011111011 (base 2) in base 3?
-1012010201120
-10312420 (base 5) to base 13
-31377
What is 4211110 (base 5) in base 9?
115335
Convert -209913 (base 11) to base 2.
-1010001110101010000
60aa83 (base 12) to base 10
1511811
Convert 21433234 (base 5) to base 7.
1405204
Convert -130a11 (base 11) to base 2.
-110010010101110100
What is -567982 (base 10) in base 9?
-1055111
What is 240111423 (base 5) in base 11?
68a824
-1131023401 (base 5) to base 14
-4b7c32
1122310300 (base 4) to base 15
75361
What is -34234113 (base 5) in base 13?
-a90b7
Convert 847888 (base 11) to base 16.
14b629
Convert -35134533 (base 7) to base 5.
-1242201100
Convert -c13a9 (base 15) to base 5.
-124033314
What is -3026656 (base 11) in base 12